y d.
8
Let i(l) = -29*l**2 - 1218*l + 10. What is the remainder when 1827 is divided by i(-42)?
7
Let r(q) = 9*q**2 + 62*q + 41. Calculate the remainder when r(15) is divided by 15.
11
Let v(t) = -81*t + 356. Let j be 4/(-10) + 1482/30. Suppose -5*w = -4*b - 43, -2*b = -6*w + w + j. Calculate the remainder when v(4) is divided by w.
10
Suppose -8*o - 276 + 724 = 0. What is the remainder when 246 is divided by o?
22
Suppose 247 = 6*c - 311. Let w = -34 - -83. Calculate the remainder when c is divided by w.
44
Suppose -248 = 24*g - 8. What is the remainder when g/2 - -1 - -108 is divided by 55?
49
Let l(j) = j**2 + 17*j + 5. Let h be l(-17). Let z be -4 + h + 0 - (1 + -26). Suppose c - z = -c. What is the remainder when 64 is divided by c?
12
Suppose -16*p = -14*p + 10. Let s(k) = k**3 + 2*k**2 - 19*k + 1. Calculate the remainder when 83 is divided by s(p).
20
Suppose 0 = -4*h + 3*w + 364, -319*h + 323*h = -4*w + 336. What is the remainder when 243 is divided by h?
67
Calculate the remainder when 1082 is divided by (7 + -304)/(-33)*((-53)/3)/(-1).
128
Let v be ((-2)/6)/((-14)/42). Let g = 11 - v. Calculate the remainder when 1*g/25 - 476/(-10) is divided by 26.
22
Let u = 67232 - 67171. Suppose 4*k = -0*k + 600. What is the remainder when k is divided by u?
28
Suppose 0*x = -5*x + 400. Let u(k) = 43*k - 473. Calculate the remainder when x is divided by u(12).
37
Suppose 81 - 30 = 3*f. Suppose -4*w + 208 = 5*j, -4*w + 22*j - f*j = -168. Calculate the remainder when w is divided by 1.
0
What is the remainder when ((-1)/1)/((-1169675)/(-55700) - 21) is divided by 29?
24
Let i be 28/(3 - (0 - (-75)/24)). Let z = i + 277. Calculate the remainder when 149 is divided by z.
43
Let b = -443 + 579. Suppose b = o - 4*r, 6*r = -5*o + 8*r + 590. What is the remainder when o is divided by 30?
26
Let r(g) = -86*g - 2407. Calculate the remainder when r(-42) is divided by 39.
35
Suppose -4*q + 1024 = 3*p, 0 = 3*p + 2*p + 2*q - 1702. Suppose 425 = 5*s - 2*f, 0 = -4*s + 2*f + 3*f + p. What is the remainder when s is divided by 43?
42
Suppose 0 = k + 3*n - 18, 8*k + 72 = 13*k - 3*n. Suppose -z + 18 = -131. Calculate the remainder when z is divided by k.
14
Suppose -12*m + 8*m - 2128 = -12*m. What is the remainder when m is divided by (56/(-6))/(10/(-75))?
56
Suppose -t = 5*h - 1040, -5*t + 4*t = h - 208. What is the remainder when h is divided by 175?
33
Let s(k) = k**3 + 14*k**2 - 30*k + 32. Let g be s(-16). Suppose g = 5*v - 3*r - 945, 2*v + 2*v - 773 = -r. What is the remainder when v is divided by 15?
12
Let j(w) = w + 126. Let a be j(20). Suppose -m = 4*x - 7*x + 149, -3*x = -4*m - a. What is the remainder when 99 is divided by x?
49
Let p = -35 - -53. Let m be ((-396)/231)/((-1)/(-42)). Let b = 105 + m. Calculate the remainder when b is divided by p.
15
Let l(s) = -5*s - 150. Let q be l(-21). Let m = 3 + 4. Calculate the remainder when m is divided by -3*6/q*(-10)/(-1).
3
Let p = 63 - 63. Suppose p = -7*x + 9 + 278. Suppose -39*k + x*k = 148. What is the remainder when k is divided by 26?
22
Suppose 0 = o - 2*v - 15, -6*v + 3867 - 3873 = -2*o. Let l(m) = -88*m - 1. What is the remainder when l(-2) is divided by o?
19
Let d(p) = -5*p + 32. Let x be d(-9). Suppose 3*m - 2*f = x, -3*m - m - 5*f + 72 = 0. What is the remainder when 41 is divided by m?
18
Let s = -27 - -64. Let o(w) = 3*w - 29. Let a be o(15). Suppose -q = -s + a. What is the remainder when q is divided by 4?
1
Let m be (0 + 1)*4/((-4)/(-9)). Suppose 68 = -u - m. Let y = u - -136. What is the remainder when y is divided by 10?
9
Suppose 4*j - j + 1272 = 6*j. What is the remainder when j is divided by 177?
70
Let w = 679 - 223. Let n = 502 - w. Calculate the remainder when 173 is divided by n.
35
Let s(g) = g**3 - 9*g**2 - 14*g + 42. Let y be s(10). Suppose y*h - 106 = -5*i, i + 3*h - 29 = -0*h. Calculate the remainder when 56 is divided by i.
16
Suppose 4*v - 5*v + 36 = 0. Let f = -117 + v. Let k = 85 + f. Calculate the remainder when 6 is divided by k.
2
Let t = 149 + -106. Let d = t + -9. Suppose -4*r + d = -6. What is the remainder when 19 is divided by r?
9
Let h(a) = a + 10. Let l be h(-13). Let s(f) = 3*f**2 + 3*f - 4. Let o be s(l). Calculate the remainder when 10 is divided by 48/o - (-16)/28.
2
Let u be (2/6)/(1*(-3)/(-144)). Let h(v) = v**3 - 16*v**2 - 21. Let p be h(u). Calculate the remainder when 25 is divided by (p/9)/((-2)/12).
11
Let k = -2433 + 2477. Calculate the remainder when 770 is divided by k.
22
Let h = -5925 + 5961. What is the remainder when 967 is divided by h?
31
Let r(s) = -s - 7*s - 9 + 4*s + 13. Let p be r(-8). What is the remainder when 42 is divided by (-4)/(-18) - (-388)/p?
9
Suppose -2*o + 63 = o. Suppose -2*c + 16 = 5*a - 1, -3*a + o = 3*c. Calculate the remainder when 63 is divided by 84/8*8/c + 3.
12
Let b(a) = a**2 + 19*a + 75. Let t be b(-14). Suppose -4*s = -2*n + 174, 0 = n - t*n - 4*s + 396. What is the remainder when 197 is divided by n?
7
Let h = 10265 + -10212. What is the remainder when 56 is divided by h?
3
Suppose 3*q + 2*l + 321 = 0, 2*l + l = 2*q + 227. Let n = 203 + q. Let z = -91 + n. Calculate the remainder when 17 is divided by z.
2
Let f = 702 - 626. What is the remainder when 171 is divided by f?
19
Calculate the remainder when 5624 is divided by ((-18)/(-24))/(-1 + (-29)/(-28)).
17
What is the remainder when (-15)/(-50) - (-9)/(450/5285) is divided by 50?
6
Calculate the remainder when -8 + 5 - (6 - (-1 - -4) - 1167) is divided by 147.
132
Suppose 2*c - 1959 = -3*w, 0 = 5*w - c + 358 - 3649. Calculate the remainder when 1971 is divided by w.
0
What is the remainder when 93 is divided by 470/20 + 45/(-30)?
5
Let b be (5*(-1)/(-3))/(55/198). Suppose b*y - 686 = 568. What is the remainder when y is divided by 35?
34
Let m(x) = -7*x + 41. Let n be m(17). Let j = n + 130. Let g = -12 + 23. Calculate the remainder when j is divided by g.
8
Let h(t) = 17*t + 100. Let a(o) = o**2 - 17*o - 4. Let m be a(17). Calculate the remainder when 94 is divided by h(m).
30
Let q(g) be the second derivative of g**4/12 + 5*g**3/6 - 4*g**2 - 12*g. Let d be q(4). Suppose 3*r = -r + d. Calculate the remainder when r is divided by 2.
1
Let o = 17817 - 17776. Calculate the remainder when 61 is divided by o.
20
What is the remainder when 47 is divided by (-1)/(-6) - 22/(1848/(-2254))?
20
What is the remainder when 258 is divided by 21/(-2)*(4/14 + 80/(-84))?
6
Let n = 56838 + -56251. Let m = 51 - 30. What is the remainder when n is divided by m?
20
Let o be 1 + 1 + (-1 - 1). Suppose 3*t = -5*l + 6*t + 24, -2*l + 4*t + 4 = o. Let a = -42293 - -42315. What is the remainder when a is divided by l?
4
Let d = -2066 - -2077. Calculate the remainder when 290 is divided by d.
4
Let o = -55 + 37. Let m = o + 13. What is the remainder when 46 is divided by (m/(-10))/((-3)/(-144))?
22
Suppose p = -20 + 22. Let r(d) = -d**2 + 6*d - 5. Let q be r(4). What is the remainder when p - (-3 + 2 + q - 36) is divided by 10?
6
Let z(m) = m**3 + 24*m**2 + 42*m - 104. Let q be z(-22). Let a = q - -95. What is the remainder when 76 is divided by a?
6
Let s = -3 - -5. Let d(z) = z**2 + 8*z - 11. Let l = -440 - -430. Calculate the remainder when d(l) is divided by s.
1
Suppose -4*b = 16, 3*h + 0*b - 4 = -2*b. Let g(q) = 6*q + 9. Let k be g(7). Let d = 55 - k. What is the remainder when d is divided by h?
0
Let i(p) = 5*p + 993. What is the remainder when 621 is divided by i(-138)?
15
Let w(l) = -17*l + 25. Let x(g) = 27*g + 26. What is the remainder when x(5) is divided by w(-1)?
35
What is the remainder when (-79128)/378*36/((-3)/3) is divided by 9?
3
Let r be -2*(1/(-7))/(10/35). Calculate the remainder when 258 is divided by (12 + (-136)/10)*r*-55.
82
Let u be (-165)/143 + (8/(-26))/(-2). Let k be 0 - (257 - (-1 - u)). Let v = 379 + k. What is the remainder when v is divided by 42?
38
Let t(v) = 246*v - 2313. What is the remainder when t(17) is divided by 11?
10
Let y(w) = 16*w**2 + 139*w + 1354. Calculate the remainder when y(-11) is divided by 31.
25
Let a(z) = z + 24. Let x be (3 - 4)*(6 + -35). Let b = 47 - x. Calculate the remainder when a(b) is divided by 11.
9
Suppose 5*y + 4*c + 22 = 0, -2*y + y + 4 = -2*c. Calculate the remainder when 4 + y + 1 + 127 - 1 is divided by 46.
37
Su